) = -18*t**2 - 1126*t - 7871. Give k(-7).
-871
Let u(x) = 7730*x - 123729. Calculate u(16).
-49
Let i(k) = -284576*k - 2561178. Determine i(-9).
6
Let b(h) = -h**3 - 4*h**2 + 194*h + 1294. What is b(-11)?
7
Let u(m) = m**2 + 1708*m - 407063. Determine u(212).
-23
Let b(m) = 106043*m + 954383. Calculate b(-9).
-4
Let o(k) = 5*k**2 - 479*k - 26346. What is o(-39)?
-60
Let f(n) = -n**2 + 2386*n - 166630. Determine f(72).
-22
Let c(v) = -3*v**3 + 126*v**2 + 1943*v + 304. Calculate c(54).
250
Let l(i) = 972*i - 71951. Determine l(74).
-23
Let c(m) = -1959*m + 182207. Determine c(93).
20
Let u(s) = 13*s**2 - 96*s + 76. What is u(9)?
265
Let l(x) = -2*x**2 - 1221*x - 87786. Determine l(-83).
-221
Let o(n) = 111*n**2 - 10789*n + 2126. What is o(97)?
-8
Let m(k) = 234*k - 60437. Give m(259).
169
Let m(x) = x**3 - 36*x**2 + 443*x - 3299. Calculate m(23).
13
Let q(r) = 33*r**2 - 856*r + 1131. What is q(25)?
356
Let i(c) = 183*c**2 + 151337*c - 3339. Give i(-827).
-31
Let y(v) = -484*v**2 - 159*v - 1. Give y(1).
-644
Let s(m) = -26*m**2 - 8074*m + 40402. Calculate s(5).
-618
Let h(i) = -10028*i + 60201. Calculate h(6).
33
Let m(c) = 12*c**2 + 528*c - 7255. Calculate m(11).
5
Let r(m) = -m**3 + 35*m**2 + 13030*m + 533. What is r(133)?
1
Let y(t) = -t**3 + 169*t**2 - 1458*t + 2867. Determine y(160).
-13
Let p(j) = -13*j**2 - 726*j + 1457. Give p(2).
-47
Let g(c) = -4*c**3 + 345*c**2 + 1320*c - 120898. What is g(86)?
18
Let n(h) = 7842*h - 297970. Determine n(38).
26
Let z(p) = -5*p**2 - 17733*p - 106390. Determine z(-6).
-172
Let p(y) = 16983*y + 356710. Give p(-21).
67
Let c(w) = 24761*w + 247703. Determine c(-10).
93
Let x(r) = -r**3 + 11*r**2 - 3806*r + 54022. Give x(14).
150
Let n(l) = -2*l**3 + 6*l**2 - 8587*l + 43044. Calculate n(5).
9
Let k(d) = 7*d**2 + 2624*d - 18343. What is k(7)?
368
Let r(i) = 198*i - 745. Give r(2).
-349
Let a(b) = -711*b + 107782. Determine a(152).
-290
Let s(o) = -161*o**3 - 638*o**2 + 5*o - 5. What is s(-4)?
71
Let p(m) = -m**3 - 669*m**2 - 14233*m + 638. What is p(-647)?
-9
Let g(r) = -3331*r + 43379. Give g(13).
76
Let w(k) = -8*k**3 - 3*k**2 + 2149*k - 10786. Give w(5).
-1116
Let i(g) = 999*g**2 - 1348*g + 4. Give i(2).
1304
Let h(n) = -70141*n - 560607. What is h(-8)?
521
Let c(g) = 293*g**2 - 4*g + 21. What is c(2)?
1185
Let p(z) = 139396*z - 278794. Calculate p(2).
-2
Let n(y) = 11*y + 2688. What is n(-182)?
686
Let p(f) = 3*f**3 + 310*f**2 + 3265*f + 114. Determine p(-12).
390
Let d(u) = u**3 + 7*u**2 - 169*u + 63. Give d(-14).
1057
Let f(b) = b**3 + 206*b**2 - 13429*b + 687. What is f(52)?
11
Let t(n) = n**3 - 38*n**2 + 295*n + 258. Calculate t(12).
54
Let d(m) = 6*m**2 + 203*m + 1620. What is d(-13)?
-5
Let l(t) = -t**2 + 10215*t - 71502. Give l(7).
-46
Let a(i) = -406563*i + 3659073. Give a(9).
6
Let q(o) = 7799*o + 444421. Calculate q(-57).
-122
Let q(s) = -2819*s - 13900. Determine q(-5).
195
Let d(c) = c**3 + 53*c**2 - 2052*c - 105491. Give d(-56).
13
Let b(o) = -1635*o + 75912. What is b(45)?
2337
Let a(r) = r**3 - 88*r**2 + 1145*r + 56. What is a(72)?
-448
Let a(j) = -117*j + 827. Determine a(5).
242
Let g(n) = -11*n**2 - 1181*n + 4333. Calculate g(-111).
-107
Let s(j) = 341*j - 3356. Give s(14).
1418
Let x(n) = -8*n**2 - 452*n - 1314. What is x(-59)?
-2494
Let x(v) = -v**3 - 59*v**2 - 699*v - 405. Calculate x(-43).
68
Let l(q) = 13789*q + 41373. Calculate l(-3).
6
Let o(g) = 35*g**3 + 42*g + 41. What is o(-1)?
-36
Let g(f) = 815094*f - 4890572. Give g(6).
-8
Let i(w) = -132637*w + 4111731. What is i(31)?
-16
Let z(a) = a**3 + 32*a**2 + 161*a + 66. Give z(-26).
-64
Let k(o) = 2282*o - 616132. Calculate k(270).
8
Let q(m) = -20*m**3 + 13*m**2 - 23*m - 61. What is q(-7)?
7597
Let a(h) = 9*h**3 - 13*h**2 - 31*h + 237. What is a(3)?
270
Let b(x) = -2*x**3 - 445*x**2 - 660*x - 270. Calculate b(-221).
-933
Let w(c) = -c**2 + 1603*c + 24255. Determine w(-15).
-15
Let j(a) = -41*a**3 + 567*a**2 + 160*a - 942. Calculate j(14).
-74
Let d(l) = -3*l**2 - 194*l - 2954. Give d(-18).
-434
Let z(x) = -253*x**3 - 6*x**2 + 2*x. Calculate z(1).
-257
Let n(v) = v**2 + 394*v + 2453. Calculate n(-7).
-256
Let r(y) = 10820*y - 487043. Calculate r(45).
-143
Let y(d) = 285*d**2 - 2822*d - 209. Calculate y(10).
71
Let v(i) = 12*i**3 - 4715*i**2 + 9398*i + 2. What is v(2)?
34
Let h(n) = n**2 + 31*n - 10185. Give h(-115).
-525
Let d(z) = -264*z - 16843. What is d(-69)?
1373
Let k(q) = -737735*q + 2213227. Calculate k(3).
22
Let u(q) = q**3 - 85*q**2 + 1008*q - 1005. Calculate u(71).
-11
Let y(w) = -3*w**3 + 112*w**2 + 74*w + 125. Determine y(38).
49
Let a(h) = -2*h**2 - 10942*h - 8132009. Determine a(-887).
7
Let n(b) = -b**3 + 648*b**2 - 10733*b + 60. What is n(17)?
-42
Let z(h) = -h**3 - 65*h**2 + 282*h + 342. Give z(-69).
-72
Let q(w) = -10*w**3 - 191*w**2 - 3*w - 7. Give q(-19).
-311
Let h(k) = -k**2 + 898*k - 69833. Calculate h(86).
-1
Let g(a) = 60*a**2 + 10381*a - 113. Calculate g(-173).
-286
Let r(u) = 6557*u - 242602. Give r(37).
7
Let d(b) = -b**3 + 7*b**2 - 1166*b - 7463. Calculate d(-6).
1
Let x(h) = -22*h**2 + 378*h + 7672. What is x(-12)?
-32
Let u(t) = -3073497*t + 15367488. Give u(5).
3
Let c(w) = -716*w + 93932. Calculate c(132).
-580
Let s(d) = -2676*d + 141821. Determine s(53).
-7
Let t(k) = -3662*k + 761631. Calculate t(208).
-65
Let o(k) = k**2 + 999*k - 412053. Calculate o(314).
229
Let b(n) = -103*n**3 - 7*n**2 + 28*n + 17. Determine b(-1).
85
Let p(f) = -59*f + 3674. Calculate p(29).
1963
Let h(v) = 998*v - 1118755. Calculate h(1121).
3
Let b(y) = -y**3 - 18*y**2 - 26*y - 185. What is b(-16)?
-281
Let a(i) = i**3 - 14*i**2 + 68*i - 140. Calculate a(7).
-7
Let q(h) = 64493*h - 1418863. What is q(22)?
-17
Let t(n) = n**3 + 174*n**2 + 3476*n + 479. Give t(-151).
26
Let x(y) = 3*y**2 + 32*y - 7234. Determine x(44).
-18
Let x(t) = 606098*t - 606065. What is x(1)?
33
Let q(h) = -12*h**2 - 71*h + 6274. What is q(-26)?
8
Let m(l) = -9*l**3 - 4645*l**2 - 481*l + 18052. Calculate m(-516).
-8
Let t(x) = 8464*x - 33810. Calculate t(4).
46
Let a(b) = -4*b**3 - 137*b**2 - 24*b + 330. Determine a(-34).
-10
Let c(n) = n**3 + 25*n**2 - 4001*n + 10255. Calculate c(-78).
-119
Let u(t) = -115*t + 685. Calculate u(6).
-5
Let b(j) = 5031*j - 1157118. Give b(230).
12
Let o(v) = -v**3 - 58*v**2 + 62*v + 401. What is o(-59)?
224
Let l(v) = 3358*v + 15605. Determine l(-5).
-1185
Let w(l) = -3235*l + 9662. Determine w(3).
-43
Let d(s) = -3*s**3 - 32*s**2 - 52043*s - 415829. Give d(-8).
3
Let a(m) = -6*m**3 + m**2 + 9*m + 15. Calculate a(-2).
49
Let c(b) = 3*b**3 + 5*b**2 - 69*b + 227. What is c(-7)?
-74
Let k(p) = -7113*p**2 - 142259*p + 22. Determine k(-20).
2
Let v(y) = y**2 + 9*y + 82. Calculate v(-6).
64
Let l(h) = 295*h + 21995. Give l(-86).
-3375
Let g(w) = 2618*w - 21004. Give g(8).
-60
Let x(b) = b**3 + 124*b**2 + 3833*b + 2870. Determine x(-54).
8
Let s(c) = -4463*c + 642669. Calculate s(144).
-3
Let u(r) = -130*r + 24070. Give u(186).
-110
Let l(n) = -436*n + 225406. Determine l(517).
-6
Let a(t) = 2*t**3 + 50*t**2 - 433*t + 929. Calculate a(4).
125
Let i(u) = -9189*u - 266495. Determine i(-29).
-14
Let b(c) = 382*c + 430594. Calculate b(-1127).
80
Let z(j) = 5*j**3 - 2*j**2 - 74*j - 3. What is z(-4)?
-59
Let c(w) = 1501*w + 38764. Calculate c(-26).
-262
Let u(t) = -15*t**3 + 40*t**2 - 522*t + 3. What is u(0)?
3
Let c(l) = 8209*l - 82108. Determine c(10).
-18
Let j(x) = 472*x + 16049. Calculate j(-34).
1
Let i(y) = 2*y**3 + 8*y**2 + 84*y - 363. Determine i(4).
229
Let c(p) = -p**3 - 9*p**2 - 176240*p - 1762517. Determine c(-10).
-17
Let v(m) = -2414*m + 18293. Calculate v(7).
1395
Let d(p) = -6*p**2 + 581*p + 7309. Calculate d(109).
-648
Let j(d) = -1148*d + 50523. Calculate j(44).
11
Let u(l) = l**3 + 1513*l**2 - 2092762*l + 4771. Determine u(-2389).
-7
Let c(n) = -1808*n - 1710. What is c(-1)?
98
Let g(r) = 404*r - 42410. What is g(105)?
10
Let n(m) = -74427*m - 2530513. Calculate n(-34).
5
Let m(t) = 33*t**2 + 2858*t + 2356. Determine m(-86).
636
Let k(d) = -8894*d + 239893. What is k(27)?
-245
Let a(c) = -104697*c - 837524. Give a(-8).
52
Let y(s) = -17*s**2 - 11*s + 25. Calculate y(9).
-1451
Let m(c) = c**2 - 2860*c - 1903252. Calculate m(-557).
17
Let g(q) = 9*q**2 - 3389*q - 26979. What is g(-8)?
709
Let h(v) = v**2 - 